{"id":19,"date":"2019-05-11T16:20:45","date_gmt":"2019-05-11T16:20:45","guid":{"rendered":"http:\/\/empresaocampo.com\/?page_id=19"},"modified":"2019-05-11T16:54:41","modified_gmt":"2019-05-11T16:54:41","slug":"quienes-somos","status":"publish","type":"page","link":"https:\/\/empresaocampo.com\/index.php\/quienes-somos\/","title":{"rendered":"Quienes Somos"},"content":{"rendered":"\n<p style=\"text-align:center\"> <strong>Somos una empresa en materia Bienes &amp; Ra\u00edces, Perforaciones, Minera,  Maquinaria Pesada, Metal\u00fargica, inmobiliaria comprometida a brindar un  servicio de calidad as\u00ed como dar asesoramiento \u00a0en sus tr\u00e1mites legales,  siempre pensado en su inversi\u00f3n m\u00e1s importante. <\/strong><\/p>\n\n\n\n<figure class=\"wp-block-image\"><img loading=\"lazy\" decoding=\"async\" width=\"800\" height=\"450\" src=\"http:\/\/empresaocampo.com\/wp-content\/uploads\/2019\/05\/tercero_confianza.jpg\" alt=\"\" class=\"wp-image-72\" srcset=\"https:\/\/empresaocampo.com\/wp-content\/uploads\/2019\/05\/tercero_confianza.jpg 800w, https:\/\/empresaocampo.com\/wp-content\/uploads\/2019\/05\/tercero_confianza-300x169.jpg 300w, https:\/\/empresaocampo.com\/wp-content\/uploads\/2019\/05\/tercero_confianza-768x432.jpg 768w\" sizes=\"auto, (max-width: 800px) 100vw, 800px\" \/><\/figure>\n<!-- AddThis Advanced Settings generic via filter on the_content --><!-- AddThis Share Buttons generic via filter on the_content -->","protected":false},"excerpt":{"rendered":"<div class=\"slide-text-bg2\"><span>Somos una empresa en materia Bienes &amp; Ra\u00edces, Perforaciones, Minera, Maquinaria Pesada, Metal\u00fargica, inmobiliaria comprometida a brindar un servicio <\/span><\/div>\n<div class=\"slide-btn-area-sm\"><a href=\"https:\/\/empresaocampo.com\/index.php\/quienes-somos\/\" class=\"slide-btn-sm\">Leer m\u00e1s<\/a><\/div>\n<p><!-- AddThis Advanced Settings generic via filter on get_the_excerpt --><!-- AddThis Share Buttons generic via filter on get_the_excerpt --><\/p>\n","protected":false},"author":1,"featured_media":0,"parent":0,"menu_order":0,"comment_status":"closed","ping_status":"closed","template":"","meta":{"om_disable_all_campaigns":false,"_monsterinsights_skip_tracking":false,"_monsterinsights_sitenote_active":false,"_monsterinsights_sitenote_note":"","_monsterinsights_sitenote_category":0,"footnotes":""},"class_list":["post-19","page","type-page","status-publish","hentry"],"_links":{"self":[{"href":"https:\/\/empresaocampo.com\/index.php\/wp-json\/wp\/v2\/pages\/19","targetHints":{"allow":["GET"]}}],"collection":[{"href":"https:\/\/empresaocampo.com\/index.php\/wp-json\/wp\/v2\/pages"}],"about":[{"href":"https:\/\/empresaocampo.com\/index.php\/wp-json\/wp\/v2\/types\/page"}],"author":[{"embeddable":true,"href":"https:\/\/empresaocampo.com\/index.php\/wp-json\/wp\/v2\/users\/1"}],"replies":[{"embeddable":true,"href":"https:\/\/empresaocampo.com\/index.php\/wp-json\/wp\/v2\/comments?post=19"}],"version-history":[{"count":4,"href":"https:\/\/empresaocampo.com\/index.php\/wp-json\/wp\/v2\/pages\/19\/revisions"}],"predecessor-version":[{"id":74,"href":"https:\/\/empresaocampo.com\/index.php\/wp-json\/wp\/v2\/pages\/19\/revisions\/74"}],"wp:attachment":[{"href":"https:\/\/empresaocampo.com\/index.php\/wp-json\/wp\/v2\/media?parent=19"}],"curies":[{"name":"wp","href":"https:\/\/api.w.org\/{rel}","templated":true}]}}