{"id":20,"date":"2019-05-11T16:20:45","date_gmt":"2019-05-11T16:20:45","guid":{"rendered":"http:\/\/empresaocampo.com\/?page_id=20"},"modified":"2019-05-11T16:57:09","modified_gmt":"2019-05-11T16:57:09","slug":"mision","status":"publish","type":"page","link":"https:\/\/empresaocampo.com\/index.php\/mision\/","title":{"rendered":"Misi\u00f3n"},"content":{"rendered":"\n<p style=\"text-align:center\" class=\"has-medium-font-size\"><em><strong>Nuestra misi\u00f3n es Proveer productos y servicios que satisfagan  eficientemente las necesidades y superen las expectativas de nuestros  clientes, bas\u00e1ndonos\u00a0 en la calidad, el aprendizaje continuo, ofreciendo  servicio de promoci\u00f3n, compraventa y\/o construcci\u00f3n de bienes  inmuebles, de forma objetiva e integral, promoviendo atenci\u00f3n  personalizada dentro de un ambiente amigable de confianza, \u00e9tica\u00a0 y  responsabilidad.<\/strong><\/em><\/p>\n\n\n\n<figure class=\"wp-block-image\"><img loading=\"lazy\" decoding=\"async\" width=\"700\" height=\"467\" src=\"http:\/\/empresaocampo.com\/wp-content\/uploads\/2019\/05\/Hogar-1.jpg\" alt=\"\" class=\"wp-image-75\" srcset=\"https:\/\/empresaocampo.com\/wp-content\/uploads\/2019\/05\/Hogar-1.jpg 700w, https:\/\/empresaocampo.com\/wp-content\/uploads\/2019\/05\/Hogar-1-300x200.jpg 300w\" sizes=\"auto, (max-width: 700px) 100vw, 700px\" \/><\/figure>\n<!-- AddThis Advanced Settings generic via filter on the_content --><!-- AddThis Share Buttons generic via filter on the_content -->","protected":false},"excerpt":{"rendered":"<div class=\"slide-text-bg2\"><span>Nuestra misi\u00f3n es Proveer productos y servicios que satisfagan eficientemente las necesidades y superen las expectativas de nuestros clientes, bas\u00e1ndonos<\/span><\/div>\n<div class=\"slide-btn-area-sm\"><a href=\"https:\/\/empresaocampo.com\/index.php\/mision\/\" class=\"slide-btn-sm\">Leer m\u00e1s<\/a><\/div>\n<p><!-- AddThis Advanced Settings generic via filter on get_the_excerpt --><!-- AddThis Share Buttons generic via filter on get_the_excerpt --><\/p>\n","protected":false},"author":1,"featured_media":0,"parent":0,"menu_order":0,"comment_status":"closed","ping_status":"closed","template":"","meta":{"om_disable_all_campaigns":false,"_monsterinsights_skip_tracking":false,"_monsterinsights_sitenote_active":false,"_monsterinsights_sitenote_note":"","_monsterinsights_sitenote_category":0,"footnotes":""},"class_list":["post-20","page","type-page","status-publish","hentry"],"_links":{"self":[{"href":"https:\/\/empresaocampo.com\/index.php\/wp-json\/wp\/v2\/pages\/20","targetHints":{"allow":["GET"]}}],"collection":[{"href":"https:\/\/empresaocampo.com\/index.php\/wp-json\/wp\/v2\/pages"}],"about":[{"href":"https:\/\/empresaocampo.com\/index.php\/wp-json\/wp\/v2\/types\/page"}],"author":[{"embeddable":true,"href":"https:\/\/empresaocampo.com\/index.php\/wp-json\/wp\/v2\/users\/1"}],"replies":[{"embeddable":true,"href":"https:\/\/empresaocampo.com\/index.php\/wp-json\/wp\/v2\/comments?post=20"}],"version-history":[{"count":2,"href":"https:\/\/empresaocampo.com\/index.php\/wp-json\/wp\/v2\/pages\/20\/revisions"}],"predecessor-version":[{"id":76,"href":"https:\/\/empresaocampo.com\/index.php\/wp-json\/wp\/v2\/pages\/20\/revisions\/76"}],"wp:attachment":[{"href":"https:\/\/empresaocampo.com\/index.php\/wp-json\/wp\/v2\/media?parent=20"}],"curies":[{"name":"wp","href":"https:\/\/api.w.org\/{rel}","templated":true}]}}