{"id":21,"date":"2019-05-11T16:20:45","date_gmt":"2019-05-11T16:20:45","guid":{"rendered":"http:\/\/empresaocampo.com\/?page_id=21"},"modified":"2019-05-11T17:04:02","modified_gmt":"2019-05-11T17:04:02","slug":"vision","status":"publish","type":"page","link":"https:\/\/empresaocampo.com\/index.php\/vision\/","title":{"rendered":"Visi\u00f3n"},"content":{"rendered":"\n<p style=\"text-align:center\"><em><strong>Consolidarnos y Ser una Empresa Modelo, en la <\/strong><\/em><strong>comercializaci\u00f3n de productos y servicios de calidad\u00a0 <\/strong><em><strong>y la innovaci\u00f3n <\/strong><\/em><strong>en el sector <\/strong><em><strong>\u00a0posicionarnos en el mercado<\/strong><\/em><strong>,<\/strong><em><strong>  realizando nuestros trabajos de forma eficiente, con los m\u00e1s altos  est\u00e1ndares de calidad, siempre manteni\u00e9ndonos en la vanguardia y  sobrepasando las expectativas del cliente, as\u00ed volvi\u00e9ndonos rentable en  el negocio y ser una ventaja competitiva para nuestros Clientes.<\/strong><\/em><\/p>\n\n\n\n<figure class=\"wp-block-image\"><img loading=\"lazy\" decoding=\"async\" width=\"1024\" height=\"683\" src=\"http:\/\/empresaocampo.com\/wp-content\/uploads\/2019\/05\/helping-hand-on-mountain-3000px-2-1024x683.jpg\" alt=\"\" class=\"wp-image-78\" srcset=\"https:\/\/empresaocampo.com\/wp-content\/uploads\/2019\/05\/helping-hand-on-mountain-3000px-2-1024x683.jpg 1024w, https:\/\/empresaocampo.com\/wp-content\/uploads\/2019\/05\/helping-hand-on-mountain-3000px-2-300x200.jpg 300w, https:\/\/empresaocampo.com\/wp-content\/uploads\/2019\/05\/helping-hand-on-mountain-3000px-2-768x512.jpg 768w\" sizes=\"auto, (max-width: 1024px) 100vw, 1024px\" \/><\/figure>\n<!-- AddThis Advanced Settings generic via filter on the_content --><!-- AddThis Share Buttons generic via filter on the_content -->","protected":false},"excerpt":{"rendered":"<div class=\"slide-text-bg2\"><span>Consolidarnos y Ser una Empresa Modelo, en la comercializaci\u00f3n de productos y servicios de calidad\u00a0 y la innovaci\u00f3n en el sector \u00a0posicionarnos en el m<\/span><\/div>\n<div class=\"slide-btn-area-sm\"><a href=\"https:\/\/empresaocampo.com\/index.php\/vision\/\" class=\"slide-btn-sm\">Leer m\u00e1s<\/a><\/div>\n<p><!-- AddThis Advanced Settings generic via filter on get_the_excerpt --><!-- AddThis Share Buttons generic via filter on get_the_excerpt --><\/p>\n","protected":false},"author":1,"featured_media":0,"parent":0,"menu_order":0,"comment_status":"closed","ping_status":"closed","template":"","meta":{"om_disable_all_campaigns":false,"_monsterinsights_skip_tracking":false,"_monsterinsights_sitenote_active":false,"_monsterinsights_sitenote_note":"","_monsterinsights_sitenote_category":0,"footnotes":""},"class_list":["post-21","page","type-page","status-publish","hentry"],"_links":{"self":[{"href":"https:\/\/empresaocampo.com\/index.php\/wp-json\/wp\/v2\/pages\/21","targetHints":{"allow":["GET"]}}],"collection":[{"href":"https:\/\/empresaocampo.com\/index.php\/wp-json\/wp\/v2\/pages"}],"about":[{"href":"https:\/\/empresaocampo.com\/index.php\/wp-json\/wp\/v2\/types\/page"}],"author":[{"embeddable":true,"href":"https:\/\/empresaocampo.com\/index.php\/wp-json\/wp\/v2\/users\/1"}],"replies":[{"embeddable":true,"href":"https:\/\/empresaocampo.com\/index.php\/wp-json\/wp\/v2\/comments?post=21"}],"version-history":[{"count":3,"href":"https:\/\/empresaocampo.com\/index.php\/wp-json\/wp\/v2\/pages\/21\/revisions"}],"predecessor-version":[{"id":80,"href":"https:\/\/empresaocampo.com\/index.php\/wp-json\/wp\/v2\/pages\/21\/revisions\/80"}],"wp:attachment":[{"href":"https:\/\/empresaocampo.com\/index.php\/wp-json\/wp\/v2\/media?parent=21"}],"curies":[{"name":"wp","href":"https:\/\/api.w.org\/{rel}","templated":true}]}}