{"id":24,"date":"2019-05-11T16:20:46","date_gmt":"2019-05-11T16:20:46","guid":{"rendered":"http:\/\/empresaocampo.com\/?page_id=24"},"modified":"2019-05-16T00:18:23","modified_gmt":"2019-05-16T00:18:23","slug":"constructora","status":"publish","type":"page","link":"https:\/\/empresaocampo.com\/index.php\/constructora\/","title":{"rendered":"Constructora"},"content":{"rendered":"\n<div class=\"n2-section-smartslider \"><style>div#n2-ss-3{width:800px;float:left;margin:0px 0px 0px 0px;}html[dir=\"rtl\"] div#n2-ss-3{float:right;}div#n2-ss-3 .n2-ss-slider-1{position:relative;padding-top:0px;padding-right:0px;padding-bottom:0px;padding-left:0px;height:500px;border-style:solid;border-width:0px;border-color:#3e3e3e;border-color:RGBA(62,62,62,1);border-radius:0px;background-clip:padding-box;background-repeat:repeat;background-position:50% 50%;background-size:cover;background-attachment:scroll;}div#n2-ss-3 .n2-ss-slider-background-video-container{position:absolute;left:0;top:0;width:100%;height:100%;overflow:hidden;}div#n2-ss-3 .n2-ss-slider-2{position:relative;width:100%;height:100%;}.x-firefox div#n2-ss-3 .n2-ss-slider-2{opacity:0.99999;}div#n2-ss-3 .n2-ss-slider-3{position:relative;width:100%;height:100%;overflow:hidden;outline:1px solid rgba(0,0,0,0);z-index:10;}div#n2-ss-3 .n2-ss-slide-backgrounds,div#n2-ss-3 .n2-ss-slider-3 > .n-particles-js-canvas-el,div#n2-ss-3 .n2-ss-slider-3 > .n2-ss-divider{position:absolute;left:0;top:0;width:100%;height:100%;}div#n2-ss-3 .n2-ss-slide-backgrounds{z-index:10;}div#n2-ss-3 .n2-ss-slider-3 > .n-particles-js-canvas-el{z-index:12;}div#n2-ss-3 .n2-ss-slide-backgrounds > *{overflow:hidden;}div#n2-ss-3 .n2-ss-slide{position:absolute;top:0;left:0;width:100%;height:100%;z-index:20;display:block;-webkit-backface-visibility:hidden;}div#n2-ss-3 .n2-ss-layers-container{position:relative;width:800px;height:500px;}div#n2-ss-3 .n2-ss-parallax-clip > .n2-ss-layers-container{position:absolute;right:0;}div#n2-ss-3 .n2-ss-slide{perspective:1500px;}div#n2-ss-3[data-ie] .n2-ss-slide{perspective:none;transform:perspective(1500px);}div#n2-ss-3 .n2-ss-slide-active{z-index:21;}div#n2-ss-3 .nextend-arrow{cursor:pointer;overflow:hidden;line-height:0 !important;z-index:20;}div#n2-ss-3 .nextend-arrow img{position:relative;min-height:0;min-width:0;vertical-align:top;width:auto;height:auto;max-width:100%;max-height:100%;display:inline;}div#n2-ss-3 .nextend-arrow img.n2-arrow-hover-img{display:none;}div#n2-ss-3 .nextend-arrow:HOVER img.n2-arrow-hover-img{display:inline;}div#n2-ss-3 .nextend-arrow:HOVER img.n2-arrow-normal-img{display:none;}div#n2-ss-3 .nextend-arrow-animated{overflow:hidden;}div#n2-ss-3 .nextend-arrow-animated > div{position:relative;}div#n2-ss-3 .nextend-arrow-animated .n2-active{position:absolute;}div#n2-ss-3 .nextend-arrow-animated-fade{transition:background 0.3s, opacity 0.4s;}div#n2-ss-3 .nextend-arrow-animated-horizontal > div{transition:all 0.4s;left:0;}div#n2-ss-3 .nextend-arrow-animated-horizontal .n2-active{top:0;}div#n2-ss-3 .nextend-arrow-previous.nextend-arrow-animated-horizontal:HOVER > div,div#n2-ss-3 .nextend-arrow-next.nextend-arrow-animated-horizontal .n2-active{left:-100%;}div#n2-ss-3 .nextend-arrow-previous.nextend-arrow-animated-horizontal .n2-active,div#n2-ss-3 .nextend-arrow-next.nextend-arrow-animated-horizontal:HOVER > div{left:100%;}div#n2-ss-3 .nextend-arrow.nextend-arrow-animated-horizontal:HOVER .n2-active{left:0;}div#n2-ss-3 .nextend-arrow-animated-vertical > div{transition:all 0.4s;top:0;}div#n2-ss-3 .nextend-arrow-animated-vertical .n2-active{left:0;}div#n2-ss-3 .nextend-arrow-animated-vertical .n2-active{top:-100%;}div#n2-ss-3 .nextend-arrow-animated-vertical:HOVER > div{top:100%;}div#n2-ss-3 .nextend-arrow-animated-vertical:HOVER .n2-active{top:0;}div#n2-ss-3 .nextend-bar-horizontal div *{display:inline;}div#n2-ss-3 .n2-ss-control-bullet{visibility:hidden;text-align:center;justify-content:center;}div#n2-ss-3 .n2-ss-control-bullet-horizontal.n2-ss-control-bullet-fullsize{width:100%;}div#n2-ss-3 .n2-ss-control-bullet-vertical.n2-ss-control-bullet-fullsize{height:100%;flex-flow:column;}div#n2-ss-3 .nextend-bullet-bar{display:inline-flex;visibility:visible;align-items:center;flex-wrap:wrap;}div#n2-ss-3 .n2-bar-justify-content-left{justify-content:flex-start;}div#n2-ss-3 .n2-bar-justify-content-center{justify-content:center;}div#n2-ss-3 .n2-bar-justify-content-right{justify-content:flex-end;}div#n2-ss-3 .n2-ss-control-bullet-vertical > .nextend-bullet-bar{flex-flow:column;}div#n2-ss-3 .n2-ss-control-bullet-fullsize > .nextend-bullet-bar{display:flex;}div#n2-ss-3 .n2-ss-control-bullet-horizontal.n2-ss-control-bullet-fullsize > .nextend-bullet-bar{flex:1 1 auto;}div#n2-ss-3 .n2-ss-control-bullet-vertical.n2-ss-control-bullet-fullsize > .nextend-bullet-bar{height:100%;}div#n2-ss-3 .nextend-bullet-bar > div{display:inline-block;cursor:pointer;transition:background-color 0.4s;vertical-align:top;}div#n2-ss-3 .nextend-bullet-bar > div.n2-active{cursor:default;}div#n2-ss-3 div.n2-ss-bullet-thumbnail-container{position:absolute;opacity:0;z-index:10000000;}div#n2-ss-3 .n2-ss-bullet-thumbnail-container .n2-ss-bullet-thumbnail{background-size:cover;background-repeat:no-repeat;background-position:center;}div#n2-ss-3 .nextend-shadow{width:100%;z-index:0;}div#n2-ss-3 .nextend-shadow img{max-width:none;width:100%;}div#n2-ss-3 .n2-style-0dfcc93d26ded644e92fb1d300cbbfe1-simple{background: #000000;background: RGBA(0,0,0,0.67);opacity:1;padding:20px 20px 20px 20px ;box-shadow: none;border-width: 0px;border-style: solid;border-color: #000000; border-color: RGBA(0,0,0,1);border-radius:0px;}div#n2-ss-3 .n2-font-160f3fbf4fe58b5a701ceff068b6fb4d-simple{font-family: 'Montserrat';color: #ffffff;font-size:87.5%;text-shadow: none;line-height: 1.3;font-weight: normal;font-style: normal;text-decoration: none;text-align: left;letter-spacing: normal;word-spacing: normal;text-transform: none;vertical-align: middle;}div#n2-ss-3 .n2-font-5694dc379f9df4552c5ac191154451f0-simple{font-family: 'Montserrat';color: #ffffff;font-size:87.5%;text-shadow: none;line-height: 1.3;font-weight: normal;font-style: italic;text-decoration: none;text-align: left;letter-spacing: normal;word-spacing: normal;text-transform: none;vertical-align: middle;}div#n2-ss-3 .n2-style-2a0a200d6a6e1fade27fb9c90af83812-dot{background: #000000;background: RGBA(0,0,0,0.67);opacity:1;padding:5px 5px 5px 5px ;box-shadow: none;border-width: 0px;border-style: solid;border-color: #000000; border-color: RGBA(0,0,0,1);border-radius:50px;margin: 4px;}div#n2-ss-3 .n2-style-2a0a200d6a6e1fade27fb9c90af83812-dot.n2-active, div#n2-ss-3 .n2-style-2a0a200d6a6e1fade27fb9c90af83812-dot:HOVER{background: #00c1c4;}<\/style><div id=\"n2-ss-3-align\" class=\"n2-ss-align\"><div class=\"n2-padding\"><div id=\"n2-ss-3\" data-creator=\"Smart Slider 3\" class=\"n2-ss-slider n2-ow n2-has-hover n2notransition  n2-ss-load-fade \" data-minFontSizedesktopPortrait=\"4\" data-minFontSizedesktopLandscape=\"4\" data-minFontSizetabletPortrait=\"4\" data-minFontSizetabletLandscape=\"4\" data-minFontSizemobilePortrait=\"4\" data-minFontSizemobileLandscape=\"4\" style=\"font-size: 16px;\" data-fontsize=\"16\">\r\n        <div class=\"n2-ss-slider-1 n2-ss-swipe-element n2-ow\" style=\"\">\r\n                        <div class=\"n2-ss-slider-2 n2-ow\">\r\n                                <div class=\"n2-ss-slider-3 n2-ow\" style=\"\">\r\n\r\n                    <div class=\"n2-ss-slide-backgrounds\"><\/div><div data-first=\"1\" data-slide-duration=\"0\" data-id=\"10\" data-title=\"Male engineer talking with worker at a construction site with a tablet computer\" style=\"\" class=\" n2-ss-slide n2-ss-canvas n2-ow  n2-ss-slide-10\"><div class=\"n2-ss-slide-background n2-ow\" data-mode=\"fill\"><div data-hash=\"91f709b33506bc4f9f5b6b63489c67ba\" data-desktop=\"\/\/empresaocampo.com\/wp-content\/uploads\/resized\/e1afe671b83391b7331ba1e88240631d\/15464435115c2cdaf7d7e5f.jpg\" class=\"n2-ss-slide-background-image\" data-blur=\"0\"><img decoding=\"async\" src=\"\/\/empresaocampo.com\/wp-content\/uploads\/resized\/e1afe671b83391b7331ba1e88240631d\/15464435115c2cdaf7d7e5f.jpg\" alt=\"\" \/><\/div><\/div><div class=\"n2-ss-layers-container n2-ow\" data-csstextalign=\"center\" style=\"\"><\/div><\/div><div data-slide-duration=\"0\" data-id=\"11\" data-title=\"21168\" style=\"\" class=\" n2-ss-slide n2-ss-canvas n2-ow  n2-ss-slide-11\"><div class=\"n2-ss-slide-background n2-ow\" data-mode=\"fill\"><div data-hash=\"f2b40a16bfa8d441f5cd87a24d5f92be\" data-desktop=\"\/\/empresaocampo.com\/wp-content\/uploads\/resized\/9e084f63eb8dba050d18e80d71f0e667\/21168.jpg\" class=\"n2-ss-slide-background-image\" data-blur=\"0\"><img decoding=\"async\" src=\"\/\/empresaocampo.com\/wp-content\/uploads\/resized\/9e084f63eb8dba050d18e80d71f0e667\/21168.jpg\" alt=\"\" \/><\/div><\/div><div class=\"n2-ss-layers-container n2-ow\" data-csstextalign=\"center\" style=\"\"><\/div><\/div><div data-slide-duration=\"0\" data-id=\"12\" data-title=\"construccion\" style=\"\" class=\" n2-ss-slide n2-ss-canvas n2-ow  n2-ss-slide-12\"><div class=\"n2-ss-slide-background n2-ow\" data-mode=\"fill\"><div data-hash=\"a30440fd7f0375b2332a823a05777d82\" data-desktop=\"\/\/empresaocampo.com\/wp-content\/uploads\/resized\/e82279843ecc8088a2101fa647d36323\/construccion.jpg\" class=\"n2-ss-slide-background-image\" data-blur=\"0\"><img decoding=\"async\" src=\"\/\/empresaocampo.com\/wp-content\/uploads\/resized\/e82279843ecc8088a2101fa647d36323\/construccion.jpg\" alt=\"\" \/><\/div><\/div><div class=\"n2-ss-layers-container n2-ow\" data-csstextalign=\"center\" style=\"\"><\/div><\/div><div data-slide-duration=\"0\" data-id=\"13\" data-title=\"construction-site-build-construction-work-159306\" style=\"\" class=\" n2-ss-slide n2-ss-canvas n2-ow  n2-ss-slide-13\"><div class=\"n2-ss-slide-background n2-ow\" data-mode=\"fill\"><div data-hash=\"e19adaae8fb2e77f5fc83eb4e09e4add\" data-desktop=\"\/\/empresaocampo.com\/wp-content\/uploads\/resized\/bcb886acaacc260deb0a9bb0dd6e2a08\/construction-site-build-construction-work-159306.jpg\" class=\"n2-ss-slide-background-image\" data-blur=\"0\"><img decoding=\"async\" src=\"\/\/empresaocampo.com\/wp-content\/uploads\/resized\/bcb886acaacc260deb0a9bb0dd6e2a08\/construction-site-build-construction-work-159306.jpg\" alt=\"\" \/><\/div><\/div><div class=\"n2-ss-layers-container n2-ow\" data-csstextalign=\"center\" style=\"\"><\/div><\/div><div data-slide-duration=\"0\" data-id=\"14\" data-title=\"img-equipo-empresa-constructora-obras2\" style=\"\" class=\" n2-ss-slide n2-ss-canvas n2-ow  n2-ss-slide-14\"><div class=\"n2-ss-slide-background n2-ow\" data-mode=\"fill\"><div data-hash=\"add0bec198c9d0ec4b291f5b94ab9a76\" data-desktop=\"\/\/empresaocampo.com\/wp-content\/uploads\/resized\/c6693326c6b7b97efcfadcfea06f1864\/img-equipo-empresa-constructora-obras2.jpg\" class=\"n2-ss-slide-background-image\" data-blur=\"0\"><img decoding=\"async\" src=\"\/\/empresaocampo.com\/wp-content\/uploads\/resized\/c6693326c6b7b97efcfadcfea06f1864\/img-equipo-empresa-constructora-obras2.jpg\" alt=\"\" \/><\/div><\/div><div class=\"n2-ss-layers-container n2-ow\" data-csstextalign=\"center\" style=\"\"><\/div><\/div><div data-slide-duration=\"0\" data-id=\"15\" data-title=\"Planos-de-Casas-Minimalistas-en-3D\" style=\"\" class=\" n2-ss-slide n2-ss-canvas n2-ow  n2-ss-slide-15\"><div class=\"n2-ss-slide-background n2-ow\" data-mode=\"fill\"><div data-hash=\"801c0aed1aaa3cd435a5f13f741231c2\" data-desktop=\"\/\/empresaocampo.com\/wp-content\/uploads\/resized\/f9e3e025864727eb22db9fcd4e7af2d6\/Planos-de-Casas-Minimalistas-en-3D.jpg\" class=\"n2-ss-slide-background-image\" data-blur=\"0\"><img decoding=\"async\" src=\"\/\/empresaocampo.com\/wp-content\/uploads\/resized\/f9e3e025864727eb22db9fcd4e7af2d6\/Planos-de-Casas-Minimalistas-en-3D.jpg\" alt=\"\" \/><\/div><\/div><div class=\"n2-ss-layers-container n2-ow\" data-csstextalign=\"center\" style=\"\"><\/div><\/div><div data-slide-duration=\"0\" data-id=\"16\" data-title=\"WhatsApp Image 2019-03-04 at 6.05.24 PM (1)\" style=\"\" class=\" n2-ss-slide n2-ss-canvas n2-ow  n2-ss-slide-16\"><div class=\"n2-ss-slide-background n2-ow\" data-mode=\"fill\"><div data-hash=\"26f5a54158d182604c1402c9c9fb586d\" data-desktop=\"\/\/empresaocampo.com\/wp-content\/uploads\/resized\/aac4b61c3346ee0c4f127eb16d08959d\/WhatsApp-Image-2019-03-04-at-6.05.24-PM-1.jpg\" class=\"n2-ss-slide-background-image\" data-blur=\"0\"><img decoding=\"async\" src=\"\/\/empresaocampo.com\/wp-content\/uploads\/resized\/aac4b61c3346ee0c4f127eb16d08959d\/WhatsApp-Image-2019-03-04-at-6.05.24-PM-1.jpg\" alt=\"\" \/><\/div><\/div><div class=\"n2-ss-layers-container n2-ow\" data-csstextalign=\"center\" style=\"\"><\/div><\/div><div data-slide-duration=\"0\" data-id=\"17\" data-title=\"Hogar-1\" style=\"\" class=\" n2-ss-slide n2-ss-canvas n2-ow  n2-ss-slide-17\"><div class=\"n2-ss-slide-background n2-ow\" data-mode=\"fill\"><div data-hash=\"85bb28512027b23cd4d8d851e93e6648\" data-desktop=\"\/\/empresaocampo.com\/wp-content\/uploads\/resized\/08d2397d457f5de97e28123dee406a67\/Hogar-1.jpg\" class=\"n2-ss-slide-background-image\" data-blur=\"0\"><img decoding=\"async\" src=\"\/\/empresaocampo.com\/wp-content\/uploads\/resized\/08d2397d457f5de97e28123dee406a67\/Hogar-1.jpg\" alt=\"\" \/><\/div><\/div><div class=\"n2-ss-layers-container n2-ow\" data-csstextalign=\"center\" style=\"\"><\/div><\/div>                <\/div>\r\n            <\/div>\r\n            <div data-ssleft=\"0+15\" data-sstop=\"height\/2-previousheight\/2\" id=\"n2-ss-3-arrow-previous\" class=\"n2-ss-widget n2-ss-widget-display-desktop n2-ss-widget-display-tablet n2-ss-widget-display-mobile nextend-arrow n2-ow nextend-arrow-previous  nextend-arrow-animated-fade n2-ib\" style=\"position: absolute;\" role=\"button\" aria-label=\"Previous slide\" tabindex=\"0\"><img decoding=\"async\" class=\"n2-ow\" data-no-lazy=\"1\" data-hack=\"data-lazy-src\" src=\"data:image\/svg+xml;base64,PHN2ZyB3aWR0aD0iMzIiIGhlaWdodD0iMzIiIHZpZXdCb3g9IjAgMCAzMiAzMiIgeG1sbnM9Imh0dHA6Ly93d3cudzMub3JnLzIwMDAvc3ZnIj48cGF0aCBkPSJNMTEuNDMzIDE1Ljk5MkwyMi42OSA1LjcxMmMuMzkzLS4zOS4zOTMtMS4wMyAwLTEuNDItLjM5My0uMzktMS4wMy0uMzktMS40MjMgMGwtMTEuOTggMTAuOTRjLS4yMS4yMS0uMy40OS0uMjg1Ljc2LS4wMTUuMjguMDc1LjU2LjI4NC43N2wxMS45OCAxMC45NGMuMzkzLjM5IDEuMDMuMzkgMS40MjQgMCAuMzkzLS40LjM5My0xLjAzIDAtMS40MmwtMTEuMjU3LTEwLjI5IiBmaWxsPSIjZmZmZmZmIiBvcGFjaXR5PSIwLjgiIGZpbGwtcnVsZT0iZXZlbm9kZCIvPjwvc3ZnPg==\" alt=\"previous arrow\" \/><\/div>\n<div data-ssright=\"0+15\" data-sstop=\"height\/2-nextheight\/2\" id=\"n2-ss-3-arrow-next\" class=\"n2-ss-widget n2-ss-widget-display-desktop n2-ss-widget-display-tablet n2-ss-widget-display-mobile nextend-arrow n2-ow nextend-arrow-next  nextend-arrow-animated-fade n2-ib\" style=\"position: absolute;\" role=\"button\" aria-label=\"Next slide\" tabindex=\"0\"><img decoding=\"async\" class=\"n2-ow\" data-no-lazy=\"1\" data-hack=\"data-lazy-src\" src=\"data:image\/svg+xml;base64,PHN2ZyB3aWR0aD0iMzIiIGhlaWdodD0iMzIiIHZpZXdCb3g9IjAgMCAzMiAzMiIgeG1sbnM9Imh0dHA6Ly93d3cudzMub3JnLzIwMDAvc3ZnIj48cGF0aCBkPSJNMTAuNzIyIDQuMjkzYy0uMzk0LS4zOS0xLjAzMi0uMzktMS40MjcgMC0uMzkzLjM5LS4zOTMgMS4wMyAwIDEuNDJsMTEuMjgzIDEwLjI4LTExLjI4MyAxMC4yOWMtLjM5My4zOS0uMzkzIDEuMDIgMCAxLjQyLjM5NS4zOSAxLjAzMy4zOSAxLjQyNyAwbDEyLjAwNy0xMC45NGMuMjEtLjIxLjMtLjQ5LjI4NC0uNzcuMDE0LS4yNy0uMDc2LS41NS0uMjg2LS43NkwxMC43MiA0LjI5M3oiIGZpbGw9IiNmZmZmZmYiIG9wYWNpdHk9IjAuOCIgZmlsbC1ydWxlPSJldmVub2RkIi8+PC9zdmc+\" alt=\"next arrow\" \/><\/div>\n<div data-ssleft=\"width\/2-barwidth\/2\" data-offset=\"0\" class=\"n2-ss-widget n2-ss-widget-display-desktop n2-ss-widget-display-tablet n2-ss-widget-display-mobile nextend-bar nextend-bar-horizontal n2-ow\" style=\"position: absolute;bottom:0px;text-align: left;width:100%;\"><div class=\"n2-style-0dfcc93d26ded644e92fb1d300cbbfe1-simple  n2-ow\" style=\"\"><\/div><\/div>\n<div data-ssleft=\"width\/2-bulletwidth\/2\" data-ssbottom=\"0+barheight+10\" data-offset=\"10\" class=\"n2-ss-widget n2-ss-widget-display-desktop n2-ss-widget-display-tablet n2-ss-widget-display-mobile  n2-flex n2-ss-control-bullet n2-ss-control-bullet-horizontal\" style=\"position: absolute;\"><div class=\" nextend-bullet-bar n2-ow n2-bar-justify-content-center\"><\/div><\/div>\n        <\/div>\r\n        <div data-position=\"below\" class=\"n2-ss-widget n2-ss-widget-display-desktop n2-ss-widget-display-tablet n2-ss-widget-display-mobile nextend-shadow n2-ow\" style=\"margin-top:0px;width:100%;\"><img decoding=\"async\" style=\"display: block; width:100%;max-width:none;\" class=\"n2-ow nextend-shadow-image\" data-no-lazy=\"1\" data-hack=\"data-lazy-src\" src=\"\/\/empresaocampo.com\/wp-content\/plugins\/smart-slider-3\/library\/media\/plugins\/widgetshadow\/shadow\/shadow\/shadow\/dark.png\" alt=\"Shadow\" \/><\/div>\n<\/div><div class=\"n2-clear\"><\/div><div id=\"n2-ss-3-spinner\" style=\"display: none;\"><div><div class=\"n2-ss-spinner-simple-white-container\"><div class=\"n2-ss-spinner-simple-white\"><\/div><\/div><\/div><\/div><\/div><\/div><div id=\"n2-ss-3-placeholder\" style=\"position: relative;z-index:2;background-color:RGBA(0,0,0,0);max-height:3000px; background-color:RGBA(255,255,255,0);\"><img decoding=\"async\" style=\"width: 100%; max-width:3000px; display: block;opacity:0;margin:0px;\" class=\"n2-ow\" src=\"data:image\/svg+xml;base64,PHN2ZyB4bWxucz0iaHR0cDovL3d3dy53My5vcmcvMjAwMC9zdmciIHZlcnNpb249IjEuMCIgd2lkdGg9IjgwMCIgaGVpZ2h0PSI1MDAiID48L3N2Zz4=\" alt=\"Slider\" \/><\/div><\/div>\n\n\n\n<p style=\"text-align:center\"><strong><em>Ahora la empresa Ocampo le da la posibilidad de hacer realidad tus  sue\u00f1os de tener tu casa propia a facilidad de pago la construcci\u00f3n &nbsp;est\u00e1  sobre los 70 m<\/em><\/strong><sup><strong><em>2<\/em><\/strong><\/sup><strong><em> con una cuota inicial de 30% el otro  30%cuando le entreguemos sus llaves y el 40% restante ser\u00e1 el pago  mensualmente durante 2 a\u00f1os<\/em><\/strong><\/p>\n\n\n\n<p style=\"text-align:center\"><strong><em>Opcion 1: Dos cuartos, Cocina, comedor, ba\u00f1o precio del proyecto 11.900 $us.<\/em><\/strong><\/p>\n\n\n<p><center><style type=\"text\/css\" scoped>.roboGalleryLoaderSpinner{margin:50px auto;width:50px;height:40px;text-align:center;font-size:10px;}.roboGalleryLoaderSpinner > div{background-color:#333; height:100%; width:6px; display:inline-block; -webkit-animation:roboGalleryLoader-stretchdelay 1.2s infinite ease-in-out; animation:roboGalleryLoader-stretchdelay 1.2s infinite ease-in-out;}.roboGalleryLoaderSpinner .roboGalleryLoaderRect2{-webkit-animation-delay:-1.1s; animation-delay:-1.1s;}.roboGalleryLoaderSpinner .roboGalleryLoaderRect3{-webkit-animation-delay:-1.0s; animation-delay:-1.0s;}.roboGalleryLoaderSpinner .roboGalleryLoaderRect4{-webkit-animation-delay:-0.9s; animation-delay:-0.9s;}.roboGalleryLoaderSpinner .roboGalleryLoaderRect5{-webkit-animation-delay:-0.8s; animation-delay:-0.8s;}@-webkit-keyframes roboGalleryLoader-stretchdelay{0%,40%,100%{-webkit-transform:scaleY(0.4) } 20%{-webkit-transform:scaleY(1.0) }}@keyframes roboGalleryLoader-stretchdelay{0%,40%,100%{ transform:scaleY(0.4); -webkit-transform:scaleY(0.4); } 20%{ transform:scaleY(1.0); -webkit-transform:scaleY(1.0); }}<\/style><div id=\"robo_gallery_loading_rbs_gallery_69f38bd540ba8\" class=\"roboGalleryLoaderSpinner\"><div class=\"roboGalleryLoaderRect1\"><\/div> <div class=\"roboGalleryLoaderRect2\"><\/div> <div class=\"roboGalleryLoaderRect3\"><\/div> <div class=\"roboGalleryLoaderRect4\"><\/div> <div class=\"roboGalleryLoaderRect5\"><\/div><\/div><div id=\"robo_gallery_main_block_rbs_gallery_69f38bd540ba8\" class=\"robogallery-gallery-194\" style=\"width:100%;  display: none;\"><div class=\"rbs_gallery_button rbs_gallery_align_left\"  id=\"rbs_gallery_69f38bd540ba8filter\"><\/div><div id=\"rbs_gallery_69f38bd540ba8\" data-options=\"rbs_gallery_69f38bd540ba8\" style=\"width:100%;\" class=\"robo_gallery\"><div class=\"rbs-img category194 \" ><div class=\"rbs-img-image  rbs-lightbox\"   ><div data-thumbnail=\"https:\/\/empresaocampo.com\/wp-content\/uploads\/2019\/05\/Sin-t\u00edtulo-3-584x1024.jpg\" title=\"Sin t\u00edtulo-3\" data-width=\"584\" data-height=\"1024\" ><\/div><div data-popup=\"https:\/\/empresaocampo.com\/wp-content\/uploads\/2019\/05\/Sin-t\u00edtulo-3.jpg\" data-alt=\"Sin t\u00edtulo-3\" title=\"Sin t\u00edtulo-3\" ><\/div><div class=\"thumbnail-overlay\"><div class=\"rbsIcons\"><i class=\"fa fa-search-plus rbsZoomIcon \" ><\/i><\/div><\/div><\/div><\/div><\/div><\/div><script>var rbs_gallery_69f38bd540ba8 = {\"filterContainer\": \"#rbs_gallery_69f38bd540ba8filter\", \"loadingContainer\": \"#robo_gallery_loading_rbs_gallery_69f38bd540ba8\", \"mainContainer\": \"#robo_gallery_main_block_rbs_gallery_69f38bd540ba8\", \"touch\": 1, \"touchDirection\": \"left\", \"lightboxOptions\": { gallery: { enabled: true, tCounter: \"%curr% of %total%\" } }, \"resolutions\": [ {\"columnWidth\": \"auto\" , \"columns\":1 , \"maxWidth\": 450}, {\"columnWidth\": \"auto\" , \"columns\":2 , \"maxWidth\": 650}, {\"columnWidth\": \"auto\" , \"columns\":3 , \"maxWidth\": 960}], \"overlayEffect\": \"direction-aware-fade\", \"boxesToLoadStart\": 12, \"boxesToLoad\": 8, \"lazyLoad\": true, \"waitUntilThumbLoads\": true, \"waitForAllThumbsNoMatterWhat\": false, \"deepLinking\": false, \"LoadingWord\": \"Loading...\", \"loadMoreWord\": \"Load More\", \"loadMoreClass\": \"button-flat-primary button-large \", \"noMoreEntriesWord\": \"No More Entries\", \"horizontalSpaceBetweenBoxes\": 15, \"verticalSpaceBetweenBoxes\": 15}, rbs_gallery_69f38bd540ba8_css = \"#rbs_gallery_69f38bd540ba8 .rbs-img-container{ -webkit-border-radius: 5px; -moz-border-radius: 5px; border-radius: 5px;-webkit-box-shadow:0px 5px 7px rgba(34, 25, 25, 0.4) ;-moz-box-shadow: \t0px 5px 7px rgba(34, 25, 25, 0.4) ;-o-box-shadow: \t0px 5px 7px rgba(34, 25, 25, 0.4) ;-ms-box-shadow: \t0px 5px 7px rgba(34, 25, 25, 0.4) ;box-shadow: \t\t0px 5px 7px rgba(34, 25, 25, 0.4) ;}#rbs_gallery_69f38bd540ba8 .thumbnail-overlay{background: rgba(7, 7, 7, 0.5);}#rbs_gallery_69f38bd540ba8 .rbsZoomIcon{ font-size:30px; line-height:100%; color:rgb(255, 255, 255);background:rgba(13, 130, 241, 0);}#rbs_gallery_69f38bd540ba8 .rbsZoomIcon:hover{color:rgb(174, 174, 174);background:rgba(6, 70, 130, 0);}#rbs_gallery_69f38bd540ba8 .image-with-dimensions{background-color: rgb(255, 255, 255);}body .mfp-title, body .mfp-counter{color: rgb(243, 243, 243);}\",roboGalleryDelay = 0; head = document.head || document.getElementsByTagName(\"head\")[0], style = document.createElement(\"style\"); style.type = \"text\/css\"; if (style.styleSheet) style.styleSheet.cssText = rbs_gallery_69f38bd540ba8_css; \telse  style.appendChild(document.createTextNode(rbs_gallery_69f38bd540ba8_css)); head.appendChild(style);<\/script><\/center><\/p>\n\n\n\n<p style=\"text-align:center\"><em><strong>Opcion 2: &nbsp;&nbsp;Dos cuartos, Cocina, comedor, ba\u00f1o  dise\u00f1o Minimalista con elevaci\u00f3n para seguir ampliando la construcci\u00f3n a  tres niveles m\u00e1s precio 13.900$us.<\/strong><\/em><\/p>\n\n\n\n<p style=\"text-align:center\"><strong><em>Las dos opciones vienen con los siguientes beneficios y regalos:  Construcci\u00f3n con garant\u00eda material de calidad. A parte le damos a  escoger su regalo, como ser c\u00e1maras de vigilancia, mobiliario de cocina,  mobiliario de dormitorio o 1000 ladrillos para el amurallamiento de su  casa o un port\u00f3n de regalo.<\/em><\/strong><\/p>\n<!-- AddThis Advanced Settings generic via filter on the_content --><!-- AddThis Share Buttons generic via filter on the_content -->","protected":false},"excerpt":{"rendered":"<div class=\"slide-text-bg2\"><span>Ahora la empresa Ocampo le da la posibilidad de hacer realidad tus sue\u00f1os de tener tu casa propia a facilidad de pago la construcci\u00f3n &nbsp;est\u00e1 sobre l<\/span><\/div>\n<div class=\"slide-btn-area-sm\"><a href=\"https:\/\/empresaocampo.com\/index.php\/constructora\/\" class=\"slide-btn-sm\">Leer m\u00e1s<\/a><\/div>\n<p><!-- AddThis Advanced Settings generic via filter on get_the_excerpt --><!-- AddThis Share Buttons generic via filter on get_the_excerpt --><\/p>\n","protected":false},"author":1,"featured_media":0,"parent":0,"menu_order":0,"comment_status":"closed","ping_status":"closed","template":"","meta":{"om_disable_all_campaigns":false,"_monsterinsights_skip_tracking":false,"_monsterinsights_sitenote_active":false,"_monsterinsights_sitenote_note":"","_monsterinsights_sitenote_category":0,"footnotes":""},"class_list":["post-24","page","type-page","status-publish","hentry"],"_links":{"self":[{"href":"https:\/\/empresaocampo.com\/index.php\/wp-json\/wp\/v2\/pages\/24","targetHints":{"allow":["GET"]}}],"collection":[{"href":"https:\/\/empresaocampo.com\/index.php\/wp-json\/wp\/v2\/pages"}],"about":[{"href":"https:\/\/empresaocampo.com\/index.php\/wp-json\/wp\/v2\/types\/page"}],"author":[{"embeddable":true,"href":"https:\/\/empresaocampo.com\/index.php\/wp-json\/wp\/v2\/users\/1"}],"replies":[{"embeddable":true,"href":"https:\/\/empresaocampo.com\/index.php\/wp-json\/wp\/v2\/comments?post=24"}],"version-history":[{"count":15,"href":"https:\/\/empresaocampo.com\/index.php\/wp-json\/wp\/v2\/pages\/24\/revisions"}],"predecessor-version":[{"id":210,"href":"https:\/\/empresaocampo.com\/index.php\/wp-json\/wp\/v2\/pages\/24\/revisions\/210"}],"wp:attachment":[{"href":"https:\/\/empresaocampo.com\/index.php\/wp-json\/wp\/v2\/media?parent=24"}],"curies":[{"name":"wp","href":"https:\/\/api.w.org\/{rel}","templated":true}]}}